False
Is 433729 a composite number?
False
Is 1009 composite?
False
Is 908291 composite?
True
Is 14699 composite?
False
Is 381421 a composite number?
True
Is 1750511 a composite number?
True
Is 740785 a composite number?
True
Is 5581 prime?
True
Is 116579 a prime number?
True
Is 131201 a composite number?
True
Is 17691 a prime number?
False
Is 133487 prime?
False
Is 149185 a composite number?
True
Is 5701 composite?
False
Is 19473 a prime number?
False
Is 114539 composite?
True
Is 368185 prime?
False
Is 731021 composite?
True
Is 135101 prime?
True
Is 162937 a composite number?
False
Is 690757 a prime number?
True
Is 162119 composite?
False
Is 236261 composite?
False
Is 302 a composite number?
True
Is 1980397 prime?
True
Is 2894 a composite number?
True
Is 1969 prime?
False
Is 3113 composite?
True
Is 10637 a composite number?
True
Is 395 composite?
True
Is 20089 a composite number?
False
Is 18661 a prime number?
True
Is 1082021 a composite number?
True
Is 46619 prime?
True
Is 15681 composite?
True
Is 1655 prime?
False
Is 4987 composite?
False
Is 5737 prime?
True
Is 60271 prime?
True
Is 173851 composite?
False
Is 8857 prime?
False
Is 2361 a prime number?
False
Is 23719 composite?
False
Is 18769 a composite number?
True
Is 117463 composite?
True
Is 379 composite?
False
Is 2321 a composite number?
True
Is 6607 composite?
False
Is 398669 a prime number?
True
Is 33871 a prime number?
True
Is 23543 a composite number?
True
Is 9767 a prime number?
True
Is 4507 a prime number?
True
Is 48133 a prime number?
False
Is 104001 prime?
False
Is 840109 a prime number?
True
Is 56065 prime?
False
Is 51383 a composite number?
False
Is 10334 composite?
True
Is 1092499 a prime number?
False
Is 25409 a composite number?
False
Is 100333 a prime number?
True
Is 175327 a prime number?
True
Is 82457 prime?
True
Is 785 composite?
True
Is 163 prime?
True
Is 8501 composite?
False
Is 27998 prime?
False
Is 3199 a composite number?
True
Is 185021 a composite number?
False
Is 260031 a prime number?
False
Is 310273 a composite number?
False
Is 8938627 a composite number?
False
Is 108613 composite?
True
Is 8353 composite?
False
Is 5701 a composite number?
False
Is 801806 prime?
False
Is 15783 composite?
True
Is 2444203 prime?
True
Is 48017 prime?
True
Is 2767 composite?
False
Is 334261 composite?
False
Is 14786 a prime number?
False
Is 51391 prime?
False
Is 21418 composite?
True
Is 5668129 prime?
True
Is 366209 prime?
False
Is 139267 composite?
False
Is 5143 composite?
True
Is 6989297 composite?
True
Is 57263 a composite number?
True
Is 60479 composite?
True
Is 2719 composite?
False
Is 190027 a prime number?
True
Is 68371 a prime number?
True
Is 3011 a prime number?
True
Is 156511 a composite number?
False
Is 1263461 prime?
True
Is 8663 composite?
False
Is 67029 a composite number?
True
Is 2126389 a composite number?
True
Is 198719 a composite number?
False
Is 3989 a composite number?
False
Is 379531 a prime number?
True
Is 270983 a prime number?
False
Is 189177 prime?
False
Is 9923 a composite number?
False
Is 12011 a composite number?
False
Is 924053 a prime number?
False
Is 1051933 composite?
True
Is 98585 prime?
False
Is 544601 a prime number?
True
Is 34457 prime?
True
Is 43481 a composite number?
False
Is 66907 composite?
True
Is 1228631 prime?
True
Is 18013 prime?
True
Is 7801 a composite number?
True
Is 7382 prime?
False
Is 74671 prime?
False
Is 244907 a prime number?
False
Is 25819 prime?
True
Is 1924283 prime?
True
Is 37585 composite?
True
Is 19373 a prime number?
True
Is 112323 composite?
True
Is 1791637 a prime number?
True
Is 679249 a composite number?
False
Is 229391 a composite number?
True
Is 1739701 a composite number?
True
Is 1601 a prime number?
True
Is 16673 a prime number?
True
Is 6613 composite?
True
Is 5227 composite?
False
Is 205819 composite?
True
Is 3809 a composite number?
True
Is 55466 composite?
True
Is 44399 a composite number?
True
Is 10313 prime?
True
Is 559 prime?
False
Is 814053 prime?
False
Is 609823 a prime number?
False
Is 285185 prime?
False
Is 2234 composite?
True
Is 170497 prime?
True
Is 315671 composite?
False
Is 202238 prime?
False
Is 153541 a composite number?
True
Is 87173 prime?
False
Is 49871 composite?
False
Is 436543 prime?
False
Is 60487 a composite number?
True
Is 447943 a composite number?
False
Is 14029 prime?
True
Is 25703 composite?
False
Is 14221 prime?
True
Is 145 a composite number?
True
Is 608435 a prime number?
False
Is 173969 composite?
False
Is 96911 prime?
True
Is 74299 prime?
False
Is 1111211 prime?
True
Is 4283963 a composite number?
False
Is 32206 a prime number?
False
Is 42589 a prime number?
True
Is 6417553 a composite number?
False
Is 1067 prime?
False
Is 130769 a prime number?
True
Is 775121 a prime number?
True
Is 32909 a prime number?
True
Is 202849 prime?
False
Is 25827 a prime number?
False
Is 11953 a composite number?
False
Is 57497 prime?
False
Is 3791077 a prime number?
False
Is 174071 prime?
True
Is 71233 a prime number?
True
Is 320559 prime?
False
Is 75037 prime?
True
Is 1547713 composite?
False
Is 9199 prime?
True
Is 3511 prime?
True
Is 544693 a composite number?
True
Is 49759 prime?
False
Is 1177 composite?
True
Is 495395 a composite number?
True
Is 140077 a prime number?
False
Is 2447 composite?
False
Is 38159 a composite number?
True
Is 307601 prime?
False
Is 278233 composite?
False
Is 5623 a prime number?
True
Is 62579 prime?
False
Is 54029 a composite number?
True
Is 353167 a prime number?
False
Is 142153 composite?
True
Is 5818 a prime number?
False
Is 743 a composite number?
False
Is 31561 composite?
True
Is 1368005 a prime number?
False
Is 123191 composite?
False
Is 777453 composite?
True
Is 613897 a composite number?
True
Is 462157 prime?
False
Is 1669 a composite number?
False
Is 95651 a prime number?
True
Is 1101283 composite?
False
Is 35011 composite?
True
Is 1361 a prime number?
True
Is 8039 a prime number?
True
Is 6197 prime?
True
Is 44249 a composite number?
False
Is 5969 prime?
False
Is 521 a composite number?
False
Is 34 a prime number?
False
Is 428429 a composite number?
False
Is 35311 a prime number?
True
Is 14393 composite?
True
Is 9977 prime?
False
Is 40787 prime?
True
Is 57053 composite?
True
Is 1901 a composite number?
False
Is 51607 prime?
True
Is 5006 a prime number?
False
Is 29135 prime?
False
Is 294281 a prime number?
False
Is 227195 prime?
False
Is 59331 a prime number?
False
Is 127637 composite?
False
Is 248485 a composite number?
True
Is 161867 prime?
False
Is 969107 a prime number?
False
Is 1693 prime?
True
Is 167191 a prime number?
True
Is 529085 composite?
True
Is 4927 composite?
True
Is 246599 prime?
True
Is 38219 a composite number?
False
Is 405179 prime?
True
Is 42533 prime?
True
Is 655687 a composite number?
False
Is 103821 a prime number?
False
Is 11449 a composite number?
True
Is 3353 composite?
True
Is 132589 prime?
True
Is 20974 prime?
False
Is 758323 prime?
True
Is 165745 a composite number?
True
Is 2787 a prime number?
False
Is 8491 a prime number?
False
Is 3062 composite?
True
Is 96665 prime?
False
Is 34211 prime?
True
Is 83683 a composite number?
True
Is 331667 prime?
False
Is 49169 a composite number?
False
Is 3389 a prime number?
True
Is 69911 a prime number?
True
Is 68339 a composite number?
True
Is 599681 a composite number?
False
Is 5793 a composite number?
True
Is 652447 a composite number?
False
Is 176621 prime?
False
Is 7433 composite?
False
Is 47482 a composite number?
True
Is 3943 composite?
False
Is 23951 a prime number?
False
Is 8002 a prime number?
False
Is 11611 a composite number?
True
Is 9665 composite?
True
Is 25391 a composite number?
False
Is 195401 composite?
False
Is 1657 a composite number?
False
Is 19243 a composite number?
True
Is 51661 a prime number?
False
Is 109657 a composite number?
True
Is 13253 a prime number?
False
Is 102889 a prime number?
False
Is 2333 a prime number?
True
Is 889871 prime?
True
Is 1112467 a prime number?
True
Is 40423 composite?
False
Is 72689 a prime number?
True
Is 5461 prime?
False
Is 21259 a composite number?
True
Is 1222751 a prime number?
True
Is 231703 prime?
False
Is 7841 composite?
False
Is 1513627 composite?
True
Is 66691 a composite number?
True
Is 147337 prime?
False
Is 3087235 prime?
False
I